t x(t) = 2*t**2 + 2*t - 4. Let k be x(-3). Let s(h) = -h**2 + 9*h - 9. Let w be s(8). List the prime factors of ((-44)/k)/(w/2).
11
Let g = 2 - 2. Suppose 2*i + g*i = 0. Suppose i = -u + 4, 0 = 3*j - 4*u + 10 - 0. What are the prime factors of j?
2
Suppose 4*c = 1030 - 142. List the prime factors of c.
2, 3, 37
Suppose -4 = 3*g - 13. Let m be (-2)/g - 100/(-6). Suppose -2*c + 2*x + 20 = 2*c, -4*x = -m. List the prime factors of c.
7
Let y = 321 - 195. List the prime factors of y.
2, 3, 7
Let m(c) = -c**3 - c**2 - c + 1. Let v(j) = -7*j**2 - 6*j - 2. Let l(f) = -m(f) + v(f). What are the prime factors of l(7)?
11
Let l(w) = -w + 12. What are the prime factors of l(0)?
2, 3
What are the prime factors of 3 - -28 - (-2)/(-2)?
2, 3, 5
Suppose r + 3*v = 5*v + 12, -4*v = 5*r - 4. Let d(i) = 5 - i**3 - 11 + 0*i**3 + 4*i**2 + 6*i. List the prime factors of d(r).
2, 3
Let c(d) = d**2 + 6*d + 8. Let w be c(-6). Let r(s) = 12 - 4*s + w*s + s**2 + 5*s. List the prime factors of r(-8).
2
Suppose 0 = -2*m - m. Suppose 5*b = 5 - m. List the prime factors of ((-3)/(-3) - b) + 7.
7
What are the prime factors of (-35)/(-1) - 2 - 1?
2
Suppose 182 = 5*t - 403. List the prime factors of t.
3, 13
Suppose b + 260 = 3*u, u = -2*u + 4*b + 275. List the prime factors of u.
5, 17
Let q(z) = 3*z**2 + 0*z**2 - z**2 + 1 - 15*z + 6*z. What are the prime factors of q(6)?
19
Suppose 5*d = 2*d + 4*x - 177, -4*d - 235 = -5*x. Suppose 50 = -2*t + 7*t. What are the prime factors of 6/4 - d/t?
7
Let c(g) = -g - 3. Let h be c(3). Let a = 10 + h. Suppose 5*d = 2*b - 2, a*b + 3*d - 28 = 7*d. List the prime factors of b.
11
Let x = 37 + -13. Let h = x + 5. List the prime factors of h.
29
Let d(m) = 7*m - 59. What are the prime factors of d(14)?
3, 13
Suppose -4*b - 5*s = -3*b - 75, -145 = -3*b + 5*s. List the prime factors of b.
5, 11
Suppose -5*s + s = -56. List the prime factors of s.
2, 7
Suppose -2*z - 4*x = 12, -x = 3 - 0. List the prime factors of (17/(-1))/(-1 - z).
17
Let j be 1/(-3) + (-3032)/(-24). Suppose -6*o + o + j = f, -3*f = 12. Suppose -5*c + o = -19. List the prime factors of c.
3
Suppose -3*d + 3*i + 71 = -157, -d = 5*i - 52. Suppose a + d = 4*a. Let w = -17 + a. What are the prime factors of w?
7
Suppose 0 = 22*m - 20*m - 274. List the prime factors of m.
137
Let q be ((-4)/6)/(2/(-6)). What are the prime factors of (q + -5)/(2/(-4))?
2, 3
Suppose 8*u - 1829 = 723. List the prime factors of u.
11, 29
Let j = 17 - -55. Suppose 4*p = p. Suppose p*v - 4*v + 4*k = -j, 0 = -k + 4. What are the prime factors of v?
2, 11
Suppose -2*r + 6*r = 36. Let t(i) = -i**3 - 7*i**2 - 4*i + 11. Let h be t(-6). Let v = r - h. What are the prime factors of v?
2, 5
Let b = -41 - -68. List the prime factors of b.
3
Let i = -340 - -589. What are the prime factors of i?
3, 83
Let s = 8 - 4. Let a = 0 + s. What are the prime factors of a?
2
Let s be ((-4)/3)/(6/(-9)). Suppose -s*r + 0 + 22 = 0. List the prime factors of r.
11
Let b(s) = -s**3 - 5*s**2 + 6*s. Let f be b(-5). List the prime factors of (f/20)/(1/(-6)).
3
Let h be 8/(-8) + 5/(-1). Let p = 41 + h. List the prime factors of p.
5, 7
Let s(w) = 20*w**2 + 3*w + 2. Suppose -d - 6 = 3*h - 3, 0 = h - 4*d + 1. List the prime factors of s(h).
19
Suppose 5*b + 0*w - w = 3, 2*b + 4*w = -12. Let x = 4 + b. Suppose -2*j = x*p - 4, 2*j - 6*j - 3*p = -13. What are the prime factors of j?
2
Let w(f) = -f**2 - 5*f + 2. Let x be w(-5). Suppose 0*v = 4*i + x*v - 60, -4*v = 2*i - 42. List the prime factors of i.
13
Suppose 3*j + r = 26, 3*j - 3*r = 2*j + 12. List the prime factors of j.
3
Suppose 4*d = 3*y - 3263, -4*d - 2*y - 3540 = -302. Let a be d/(-12) - 2/(-6). What are the prime factors of a/5 - 2/(-5)?
2, 7
Suppose 19*k - 15*k - 1072 = 0. List the prime factors of k.
2, 67
Let y = -11 - -15. Suppose -i = y*p - 9, 3*i = 2*p + 3*p + 44. List the prime factors of i.
13
Let f(l) = 6*l**3 - 2*l + 1. Let d be f(1). Let a = d + -1. List the prime factors of a.
2
Let h(t) = t**2 - t + 33. Let n be h(0). Let w(x) = x**3 + 13*x**2 + 15*x + 13. Let m be w(-12). Let p = m + n. What are the prime factors of p?
2, 5
Suppose -79 = -2*y + 11. List the prime factors of y.
3, 5
Suppose 5*u + 3 = 3*c + 2*u, -5*u = 5*c - 35. Suppose w + 14 = 5*w + 5*k, -2*k = c. List the prime factors of w.
2, 3
List the prime factors of 4/(-14) - (-1 + 352/(-7)).
3, 17
Let f(u) = -u - 3. Let z be f(-8). Suppose -6*o + 34 = -z*o. List the prime factors of o.
2, 17
Suppose -3*a - 25 - 14 = 0. Let q = a + 15. What are the prime factors of q?
2
Suppose -2*r - 59 + 13 = 0. Suppose -2*x - 67 + 15 = 5*l, -3*x - 4*l = 64. Let w = x - r. What are the prime factors of w?
7
Let t be 1 - 2 - (3 - 2). List the prime factors of 32/((-8)/t) - -2.
2, 5
Suppose -1 = j, 0 = -3*a - 2*a - 2*j - 272. List the prime factors of (a/(-6))/(0 - -1).
3
Suppose -z + 4*l + 30 = 0, 0 = -2*z - 2*z + l + 45. What are the prime factors of z?
2, 5
Let s(w) = -29*w - 1. Let d be s(-2). Suppose 0 = -3*u - 3*z + d, -3*u + 2*z + 28 + 14 = 0. List the prime factors of u.
2
Let i(u) = 3*u**3 + u**2 - 20*u - 5. Let z(y) = y**3 - 7*y - 2. Let w(b) = 4*i(b) - 11*z(b). List the prime factors of w(-3).
2, 5
Let t(q) = -2*q - 16. Let a be t(-9). Suppose -a*g = -0*g - 36. What are the prime factors of g?
2, 3
Let l(k) = k**2 + 9*k - 8. List the prime factors of l(-10).
2
Let b(f) = -f**3 - 4*f**2 - 2*f - 4. Let k be b(-4). Suppose g + 3*u = -13, -2*g - k*u = -7*u - 19. List the prime factors of g.
2
Let f(y) = y - 3. Let u(x) = 3*x - 7. Let w(t) = 5*f(t) - 2*u(t). Let g = 5 + -11. List the prime factors of w(g).
5
Let q(l) = 15*l - 3. Let b be (-5)/(-2)*8/10. List the prime factors of q(b).
3
Let i(s) be the first derivative of s**4/4 + 2*s**3 - 2*s**2 - 5*s - 1. What are the prime factors of i(-6)?
19
Suppose 4*m - 151 = -3*u, 0 = -2*u - 5*m + 72 + 38. Let i = u - 26. What are the prime factors of i?
19
Suppose 4*l - 236 = 100. List the prime factors of l.
2, 3, 7
Let x = -31 - -43. What are the prime factors of x?
2, 3
Let f be (-2)/6 + (-32)/(-6). Suppose -f*x + q + 11 = 0, 4 = 3*x - 5*q - 7. Suppose 45 = 3*m + x*m. What are the prime factors of m?
3
Let s(f) = -f**2 + 6*f - 6. Let a be s(3). Suppose r - 9 = a. What are the prime factors of r?
2, 3
Let o = 113 + -45. List the prime factors of o.
2, 17
List the prime factors of 30/(-10) + (143 - 0).
2, 5, 7
Let f = 7 + -5. Suppose -j + 2*j = 10. Suppose -q = -3*s + s + 10, 4*q = -f*s - j. List the prime factors of s.
3
Let k(u) = -6*u**3 - u. Suppose -2*g - 2 = -0. List the prime factors of k(g).
7
Let d = 12 + 70. What are the prime factors of d?
2, 41
Let l(b) = 254*b**3 + 3*b**2 - 3*b + 1. What are the prime factors of l(1)?
3, 5, 17
Let f = -1 + 4. Suppose 0 = -4*m + 3*a + 17, -m + 6*m - 22 = f*a. What are the prime factors of m?
5
Let f = 130 + 27. What are the prime factors of f?
157
Let q = -13 - -16. What are the prime factors of q?
3
Suppose -23*x + 22*x = -2. Suppose -30 = -x*w + 54. What are the prime factors of w?
2, 3, 7
Suppose -560 = -2*m + 2*a, 0*m + 850 = 3*m - 5*a. List the prime factors of m.
5, 11
Suppose 174 + 42 = 3*b. Suppose 0 = 3*u, b = 3*t - 0*u + 5*u. What are the prime factors of t?
2, 3
Suppose 0 = -o - 3*w + 3, 2*w + w = 0. What are the prime factors of o?
3
Suppose 0*w + 3*w = 543. List the prime factors of w.
181
Let j(p) be the first derivative of p**3/3 + p**2/2 - 3*p - 7. Let b be (-36)/10 - (-4)/(-10). List the prime factors of j(b).
3
Let w(h) = 2*h**2 - 10*h + 8. List the prime factors of w(7).
2, 3
Let j(d) = -7*d + 43. What are the prime factors of j(-14)?
3, 47
Let t = -22 + 36. What are the prime factors of t?
2, 7
Let s(p) = 15*p + 1. Let u be s(2). Let k be ((-4)/(-6))/(2/15). Suppose -u + 6 = -k*t. List the prime factors of t.
5
Suppose y - 5*i + 37 = 4*y, -3*y + 35 = 4*i. List the prime factors of y.
3
Let q(d) = -2*d + 3. Let t be q(-3). Suppose h - 2*j - 20 = -t, 3*h + 4*j + 7 = 0. What are the prime factors of (-1)/h + 102/9?
11
Suppose 10*h - 15*h = -405. What are the prime factors of h?
3
Let m(q) = -q**3 + 6*q**2 + 5*q - 4. List the prime factors of m(6).
2, 13
List the prime factors of (160/(-12) - 0)*-3.
2, 5
Let s = 45 - 19. Suppose 4*m + 22 = -26. Let n = m + s. List the prime factors of n.
2, 7
Suppose -a + 30 